{"id":13554,"date":"2024-09-08T02:20:50","date_gmt":"2024-09-07T23:20:50","guid":{"rendered":"https:\/\/olkar.com.tr\/wordpress\/?post_type=product&#038;p=13554"},"modified":"2024-09-14T18:25:28","modified_gmt":"2024-09-14T15:25:28","slug":"taslamali-kutu","status":"publish","type":"product","link":"https:\/\/olkar.com.tr\/index.php\/product\/taslamali-kutu\/","title":{"rendered":"Taslamal\u0131 Kutu"},"content":{"rendered":"<p>L\u00fcks kutular, genellikle sert karton malzemeler kullan\u0131larak \u00fcretilir ve bu kartonlar 1 mm&#8217;den 4 mm&#8217;ye kadar de\u011fi\u015fen kal\u0131nl\u0131klara sahip olabilir. Bu kutular, ku\u015fe ka\u011f\u0131t, fantazi ka\u011f\u0131t veya kuma\u015f gibi \u00e7e\u015fitli kaplama malzemeleriyle kaplanarak hem estetik hem de dayan\u0131kl\u0131 hale getirilir.<\/p>\n<p>Bu t\u00fcr kutular, \u00e7ok \u00e7e\u015fitli \u00fcr\u00fcnleri zarif bir \u015fekilde saklamak ve sunmak i\u00e7in kullan\u0131l\u0131r. \u00d6rne\u011fin, g\u00fczellik ve ki\u015fisel bak\u0131m \u00fcr\u00fcnleri i\u00e7in cilt bak\u0131m ve makyaj \u00fcr\u00fcnleri kutular\u0131, krem kutular\u0131 ve parf\u00fcm kutular\u0131 bulunur. Ayr\u0131ca elektronik e\u015fyalar, ayakkab\u0131lar, tekstil \u00fcr\u00fcnleri ve g\u00f6mlekler gibi \u00e7e\u015fitli e\u015fyalar i\u00e7in \u00f6zel kutular da tasarlan\u0131r. \u00c7eyiz e\u015fyalar\u0131, \u00e7anta ve c\u00fczdanlar, g\u00f6zl\u00fckler, saatler, kravatlar ve c\u00fczdanlar i\u00e7in l\u00fcks kutular da mevcuttur. \u00c7ikolata, hediyelik e\u015fyalar ve oyuncaklar gibi \u00fcr\u00fcnler de bu l\u00fcks kutular i\u00e7inde zarif bir \u015fekilde sunulabilir.<\/p>\n","protected":false},"excerpt":{"rendered":"<p>L\u00fcks kutular, genellikle sert karton malzemeler kullan\u0131larak \u00fcretilir ve bu kartonlar 1 mm&#8217;den 4 mm&#8217;ye kadar de\u011fi\u015fen kal\u0131nl\u0131klara sahip olabilir. Bu kutular, ku\u015fe ka\u011f\u0131t, fantazi ka\u011f\u0131t veya kuma\u015f gibi \u00e7e\u015fitli kaplama malzemeleriyle kaplanarak hem estetik hem de dayan\u0131kl\u0131 hale getirilir.<\/p>\n","protected":false},"featured_media":13838,"comment_status":"closed","ping_status":"closed","template":"","meta":[],"product_brand":[],"product_cat":[31,35,42],"product_tag":[],"class_list":{"0":"post-13554","1":"product","2":"type-product","3":"status-publish","4":"has-post-thumbnail","6":"product_cat-urunlerimiz","7":"product_cat-kesimli-urunler","8":"product_cat-ofset-urunler","10":"first","11":"instock","12":"shipping-taxable","13":"product-type-simple"},"jetpack_sharing_enabled":true,"_links":{"self":[{"href":"https:\/\/olkar.com.tr\/index.php\/wp-json\/wp\/v2\/product\/13554","targetHints":{"allow":["GET"]}}],"collection":[{"href":"https:\/\/olkar.com.tr\/index.php\/wp-json\/wp\/v2\/product"}],"about":[{"href":"https:\/\/olkar.com.tr\/index.php\/wp-json\/wp\/v2\/types\/product"}],"replies":[{"embeddable":true,"href":"https:\/\/olkar.com.tr\/index.php\/wp-json\/wp\/v2\/comments?post=13554"}],"wp:featuredmedia":[{"embeddable":true,"href":"https:\/\/olkar.com.tr\/index.php\/wp-json\/wp\/v2\/media\/13838"}],"wp:attachment":[{"href":"https:\/\/olkar.com.tr\/index.php\/wp-json\/wp\/v2\/media?parent=13554"}],"wp:term":[{"taxonomy":"product_brand","embeddable":true,"href":"https:\/\/olkar.com.tr\/index.php\/wp-json\/wp\/v2\/product_brand?post=13554"},{"taxonomy":"product_cat","embeddable":true,"href":"https:\/\/olkar.com.tr\/index.php\/wp-json\/wp\/v2\/product_cat?post=13554"},{"taxonomy":"product_tag","embeddable":true,"href":"https:\/\/olkar.com.tr\/index.php\/wp-json\/wp\/v2\/product_tag?post=13554"}],"curies":[{"name":"wp","href":"https:\/\/api.w.org\/{rel}","templated":true}]}}