{"id":1339,"date":"2017-10-16T13:54:07","date_gmt":"2017-10-16T13:54:07","guid":{"rendered":"http:\/\/ninzio.com\/prelude\/?page_id=1339"},"modified":"2025-05-02T12:50:52","modified_gmt":"2025-05-02T09:50:52","slug":"contact-us","status":"publish","type":"page","link":"https:\/\/olkar.com.tr\/index.php\/contact-us\/","title":{"rendered":"\u0130leti\u015fim"},"content":{"rendered":"<div class=\"wpb-content-wrapper\"><p>[vc_row full_width=&#8221;stretch_row&#8221; css=&#8221;.vc_custom_1577935508051{background-image: url(http:\/\/ninzio.com\/prelude\/wp-content\/uploads\/2020\/01\/section-bg1.jpg?id=12484) !important;background-position: center !important;background-repeat: no-repeat !important;background-size: cover !important;}&#8221; el_class=&#8221;overflow-inherit&#8221;][vc_column]\r\n\t<div class=\"prelude-spacer clearfix\" data-desktop=\"60\" data-mobi=\"40\" data-smobi=\"40\"><\/div>[vc_row_inner][vc_column_inner width=&#8221;1\/2&#8243;]\r\n\t<div class=\"prelude-spacer clearfix\" data-desktop=\"42\" data-mobi=\"0\" data-smobi=\"0\"><\/div><div class=\"prelude-headings clearfix \" data-font=42 data-mfont=40 style=\"\"><h2 class=\"heading clearfix \" style=\"font-weight:600;color:#2d1705;max-width:400px;margin-bottom:22px;font-size:42px;\">\r\n\t\tSizlere en iyi hizmeti sunabilmek i\u00e7in buraday\u0131z.\r\n\t<\/h2><p class=\"sub-heading clearfix\" style=\"font-style:normal;color:rgba(45,23,5,0.6);\">\r\n\t\t\u0130htiya\u00e7lar\u0131n\u0131za uygun basit ve m\u00fckemmel \u00e7\u00f6z\u00fcmler sunmak amac\u0131yla bir ad\u0131m \u00f6nde olmay\u0131 hedefliyoruz. D\u00fcnyan\u0131z\u0131 anlamak, bak\u0131\u015f a\u00e7\u0131lar\u0131n\u0131z\u0131 de\u011ferlendirmek ve bu bilgileri yarat\u0131c\u0131 dokunu\u015flar\u0131m\u0131zla harmanlayarak size \u00f6zel \u00e7\u00f6z\u00fcmler sunmak i\u00e7in \u00e7al\u0131\u015f\u0131yoruz.<br \/>\nSorular\u0131n\u0131z, \u00f6nerileriniz ya da projeleriniz hakk\u0131nda konu\u015fmak i\u00e7in bizimle ileti\u015fime ge\u00e7mekten \u00e7ekinmeyin. Sizin i\u00e7in en iyi sonucu elde etmek ad\u0131na her zaman buraday\u0131z.\r\n\t<\/p><\/div>\r\n\t<div class=\"prelude-spacer clearfix\" data-desktop=\"42\" data-mobi=\"30\" data-smobi=\"30\"><\/div><div class=\"button-wrap icon-right\" style=\"\" ><a href=\"https:\/\/olkar.com.tr\/index.php\/services\/\" target=\"_blank\" class=\"prelude-button btn-8338783 medium no_icon custom custom\" style=\"border-radius:3px;\"  data-background=\"#febe25\" data-text=\"#2d1705\" data-text-hover=\"#ffffff\" data-background-hover=\"#2d1705\">\r\n\t\t<span style=\"\">Hakk\u0131m\u0131zda <\/span>\r\n\t<\/a><\/div>[\/vc_column_inner][vc_column_inner width=&#8221;1\/2&#8243;]<div class=\"prelude-simple-image  \" data-reveal=\"true\" data-reveal-options='{\"direction\":\"lr\",\"bgcolor\":\"#dddddd\"}' >\r\n\t\t\t\t<figure style=\"border-radius:5px;overflow:hidden; box-shadow: 0px 10px 90px 0px rgba(110,123,131,0.1)\"><img decoding=\"async\" alt=\"image\" src=\"https:\/\/olkar.com.tr\/wp-content\/uploads\/2024\/08\/woman-fishing-on-fishing-rod-spinning-in-norway-2023-11-27-05-00-23-utc-scaled.jpg\" \/> <\/figure>\r\n\t\t\t<\/div>[\/vc_column_inner][\/vc_row_inner]\r\n\t<div class=\"prelude-spacer clearfix\" data-desktop=\"60\" data-mobi=\"40\" data-smobi=\"40\"><\/div><div class=\"prelude-divider divider-center divider-solid\" style=\"border-top-color:#e7e7e7;\"><\/div><div class=\"clearfix\"><\/div>[\/vc_column][\/vc_row][vc_row][vc_column]\r\n\t<div class=\"prelude-spacer clearfix\" data-desktop=\"60\" data-mobi=\"40\" data-smobi=\"40\"><\/div><div class=\"prelude-headings clearfix text-center\" data-font=14 style=\"\"><h3 class=\"heading clearfix \" style=\"font-weight:500;color:#e59900;letter-spacing:0.25px;margin-bottom:15px;font-size:14px;\">\r\n\t\tHer t\u00fcrl\u00fc sorunuz i\u00e7in buraday\u0131z; sizinle \u00e7al\u0131\u015fmak i\u00e7in sab\u0131rs\u0131zlan\u0131yoruz!\r\n\t<\/h3><\/div>[vc_column_text css=&#8221;&#8221;]<\/p>\n<h3 style=\"max-width: 800px; text-align: center; font-weight: 600; margin: 0 auto 10px;\"><span style=\"color: #2d1705;\"><strong>Kendi kaliteli, dayan\u0131kl\u0131, do\u011fa dostu ve kullan\u0131\u015fl\u0131 \u00fcr\u00fcnlerimizi\u00a0 tasarl\u0131yoruz.<\/strong><\/span><\/h3>\n<p>[\/vc_column_text]<div class=\"prelude-headings clearfix text-center\"  style=\"\"><p class=\"sub-heading clearfix\" style=\"font-style:normal;color:#5e5d6c;font-size:18px;line-height:28px;max-width:740px;margin-left: auto; margin-right: auto;\">\r\n\t\tSizlere daha iyi hizmet sunabilmek ve ihtiya\u00e7lar\u0131n\u0131za y\u00f6nelik \u00f6zel \u00e7\u00f6z\u00fcmler geli\u015ftirebilmek i\u00e7in bizimle ileti\u015fime ge\u00e7mekten \u00e7ekinmeyin. Her t\u00fcrl\u00fc sorunuz, \u00f6neriniz veya proje teklifiniz i\u00e7in buraday\u0131z.\r\n\t<\/p><\/div>\r\n\t<div class=\"prelude-spacer clearfix\" data-desktop=\"83\" data-mobi=\"60\" data-smobi=\"60\"><\/div>[vc_row_inner][vc_column_inner]\r\n\t<div class=\"prelude-iconboxs group-3 clearfix style-2\"><div class=\"inner-wrap\"><div class=\"prelude-icon-box clearfix icon-top align-center  link-hover-accent simple\" style=\"\" ><div class=\"wrap-inner\" style=\"position: relative;\"><div class=\"prelude-icon icon-1508266275 icon-font custom custom\"  data-icon=\"#2d1705\" data-background=\"#febe25\" data-icon-hover=\"#ffffff\" data-background-hover=\"#39374d\" data-border-hover=\"#39374d\">\r\n\t\t\t<span class=\"icon\" style=\"font-size:50px;width:100px;height:100px;border-style:solid;border-radius:30px;line-height:100px; box-shadow: 0px 5px 50px 0px rgba(0,214,100,0.1)\"><i class=\"pe-7s-map-2\"><\/i><\/span>\r\n\t\t<\/div> <div class=\"content-wrap\"><h3 class=\"heading \" style=\"color:#2d1705;font-size:22px;margin-top:35px;margin-bottom:17px;\">\r\n\t\t\t<span>Adres<\/span>\r\n\t\t<\/h3><div class=\"desc\" style=\"\"><div style=\"max-width: 300px; margin: 0 auto; text-align: center; font-size: 12px;\"><span style=\"color: rgba(45,23,05,0.6);\">OF\u0130S<\/span><br \/>\n<span style=\"color: rgba(45,23,05,0.6);\">G\u00f6kevler Mh<\/span><br \/>\n<span style=\"color: rgba(45,23,05,0.6);\">Ginza Corner Plaza<\/span><br \/>\n<span style=\"color: rgba(45,23,05,0.6);\">C Blok D:83<\/span><br \/>\n<span style=\"color: rgba(45,23,05,0.6);\">FABR\u0130KA<\/span><br \/>\n<span style=\"color: rgba(45,23,05,0.6);\">\u00c7akmakl\u0131 Mh. <\/span><br \/>\n<span style=\"color: rgba(45,23,05,0.6);\">Sa\u011flam Sanayi Sitesi<\/span><br \/>\n<span style=\"color: rgba(45,23,05,0.6);\">No:21<\/span><br \/>\n<span style=\"color: rgba(45,23,05,0.6);\">34522 Esenyurt\/\u0130stanbul<\/span><\/div>\n<div><\/div>\n<\/div><\/div><\/div><\/div><div class=\"prelude-icon-box clearfix icon-top align-center  link-hover-accent simple\" style=\"\" ><div class=\"wrap-inner\" style=\"position: relative;\"><div class=\"prelude-icon icon-2075009471 icon-font custom custom\"  data-icon=\"#2d1705\" data-background=\"#febe25\" data-icon-hover=\"#ffffff\" data-background-hover=\"#39374d\" data-border-hover=\"#39374d\">\r\n\t\t\t<span class=\"icon\" style=\"font-size:50px;width:100px;height:100px;border-style:solid;border-radius:30px;line-height:100px; box-shadow: 0px 5px 50px 0px rgba(110,123,131,0.1)\"><i class=\"pe-7s-headphones\"><\/i><\/span>\r\n\t\t<\/div> <div class=\"content-wrap\"><h3 class=\"heading \" style=\"color:#2d1705;font-size:22px;margin-top:35px;margin-bottom:17px;\">\r\n\t\t\t<span>Telefon<\/span>\r\n\t\t<\/h3><div class=\"desc\" style=\"\"><div style=\"max-width: 300px; margin: 0 auto; text-align: center; font-size: 12px;\"><span style=\"color: rgba(45,23,05,0.6);\">0 212 405 75 75<\/span><br \/>\n<span style=\"color: rgba(45,23,05,0.6);\">0 533 254 38 11<\/span><\/div>\n<\/div><\/div><\/div><\/div><div class=\"prelude-icon-box clearfix icon-top align-center  link-hover-accent simple\" style=\"\" ><div class=\"wrap-inner\" style=\"position: relative;\"><div class=\"prelude-icon icon-2025607048 icon-font custom custom\"  data-icon=\"#2d1705\" data-background=\"#febe25\" data-icon-hover=\"#ffffff\" data-background-hover=\"#39374d\" data-border-hover=\"#39374d\">\r\n\t\t\t<span class=\"icon\" style=\"font-size:50px;width:100px;height:100px;border-style:solid;border-radius:30px;line-height:100px; box-shadow: 0px 5px 50px 0px rgba(110,123,131,0.1)\"><i class=\"pe-7s-mail-open\"><\/i><\/span>\r\n\t\t<\/div> <div class=\"content-wrap\"><h3 class=\"heading \" style=\"color:#2d1705;font-size:22px;margin-top:35px;margin-bottom:17px;\">\r\n\t\t\t<span>Eposta<\/span>\r\n\t\t<\/h3><div class=\"desc\" style=\"\"><div style=\"max-width: 300px; margin: 0 auto; text-align: center; font-size: 12px;\"><span style=\"color: rgba(45,23,05,0.6);\">info@olkar.com.tr<\/span><br \/>\n<span style=\"color: rgba(45,23,05,0.6);\">satis@olkar.com.tr<\/span><\/div>\n<\/div><\/div><\/div><\/div><\/div><\/div>[\/vc_column_inner][\/vc_row_inner]\r\n\t<div class=\"prelude-spacer clearfix\" data-desktop=\"100\" data-mobi=\"60\" data-smobi=\"60\"><\/div>[\/vc_column][\/vc_row][vc_row full_width=&#8221;stretch_row&#8221; css=&#8221;.vc_custom_1578613351491{background-color: #f7f9fa !important;}&#8221;][vc_column][vc_row_inner][vc_column_inner width=&#8221;1\/2&#8243;]\r\n\t<div class=\"prelude-spacer clearfix\" data-desktop=\"100\" data-mobi=\"60\" data-smobi=\"60\"><\/div><div class=\"prelude-content-box clearfix \" data-padding=\"\" data-mobipadding=\"\" data-margin=\"0px 35px 0px 0px\" data-mobimargin=\"0px 0px 0px 0px\" >\r\n\t\t<div class=\"inner ctb-836686563\" style=\"\"  data-background=\"\">\r\n\t\t\t<div class=\"prelude-images-carousel  arrow-center\" data-auto=\"true\" data-loop=\"true\" data-gap=\"20\" data-column=\"3\" data-column2=\"2\" data-column3=\"1\">\r\n        <div class=\"owl-carousel owl-theme\"><div class=\"item-wrap\"><img decoding=\"async\" src=\"https:\/\/olkar.com.tr\/wp-content\/uploads\/2024\/09\/xx_esd-anti-new-2-transformed-transformed-1.jpeg\" alt=\"Image\"><\/div><div class=\"item-wrap\"><img decoding=\"async\" src=\"https:\/\/olkar.com.tr\/wp-content\/uploads\/2024\/09\/esd_antistatik_cekmeceli_kutular_401_esd.png\" alt=\"Image\"><\/div><div class=\"item-wrap\"><img decoding=\"async\" src=\"https:\/\/olkar.com.tr\/wp-content\/uploads\/2024\/09\/Kutu.Buldum.esd_koli77.jpg\" alt=\"Image\"><\/div><div class=\"item-wrap\"><img decoding=\"async\" src=\"https:\/\/olkar.com.tr\/wp-content\/uploads\/2024\/09\/21.png\" alt=\"Image\"><\/div><div class=\"item-wrap\"><img decoding=\"async\" src=\"https:\/\/olkar.com.tr\/wp-content\/uploads\/2024\/09\/19-1.png\" alt=\"Image\"><\/div><div class=\"item-wrap\"><img decoding=\"async\" src=\"https:\/\/olkar.com.tr\/wp-content\/uploads\/2024\/09\/14.png\" alt=\"Image\"><\/div><div class=\"item-wrap\"><img decoding=\"async\" src=\"https:\/\/olkar.com.tr\/wp-content\/uploads\/2024\/09\/Adsiz-tasarim-5.png\" alt=\"Image\"><\/div><div class=\"item-wrap\"><img decoding=\"async\" src=\"https:\/\/olkar.com.tr\/wp-content\/uploads\/2024\/09\/esd-antistatik-paletler-740x4001-copy.png\" alt=\"Image\"><\/div><div class=\"item-wrap\"><img decoding=\"async\" src=\"https:\/\/olkar.com.tr\/wp-content\/uploads\/2024\/09\/esd_antistatik_cekmeceli_kutular_305_esd1.png\" alt=\"Image\"><\/div><div class=\"item-wrap\"><img decoding=\"async\" src=\"https:\/\/olkar.com.tr\/wp-content\/uploads\/2024\/09\/esd_antistatik_avadanlik_kutular_a_400_esd.png\" alt=\"Image\"><\/div><div class=\"item-wrap\"><img decoding=\"async\" src=\"https:\/\/olkar.com.tr\/wp-content\/uploads\/2024\/09\/42.png\" alt=\"Image\"><\/div><div class=\"item-wrap\"><img decoding=\"async\" src=\"https:\/\/olkar.com.tr\/wp-content\/uploads\/2024\/09\/kitapkutusu.png\" alt=\"Image\"><\/div><div class=\"item-wrap\"><img decoding=\"async\" src=\"https:\/\/olkar.com.tr\/wp-content\/uploads\/2024\/09\/10.png\" alt=\"Image\"><\/div><div class=\"item-wrap\"><img decoding=\"async\" src=\"https:\/\/olkar.com.tr\/wp-content\/uploads\/2024\/09\/3-1.png\" alt=\"Image\"><\/div><div class=\"item-wrap\"><img decoding=\"async\" src=\"https:\/\/olkar.com.tr\/wp-content\/uploads\/2024\/09\/6-1.png\" alt=\"Image\"><\/div><\/div><\/div>\r\n\t\t<\/div>\r\n\t<\/div>\r\n\t<div class=\"prelude-spacer clearfix\" data-desktop=\"0\" data-mobi=\"40\" data-smobi=\"40\"><\/div>[\/vc_column_inner][vc_column_inner width=&#8221;1\/2&#8243;]\r\n\t<div class=\"prelude-spacer clearfix\" data-desktop=\"30\" data-mobi=\"0\" data-smobi=\"0\"><\/div><div class=\"prelude-headings clearfix \" data-font=42 data-mfont=40 style=\"\"><h2 class=\"heading clearfix \" style=\"font-weight:600;color:#2d1705;max-width:430px;margin-bottom:32px;font-size:42px;\">\r\n\t\tGelece\u011fe odaklanm\u0131\u015f hibrit bir ajans olarak, ambalaj ve koli ile ESD ambalaj \u00fcretiminde uzmanla\u015f\u0131yoruz.\r\n\t<\/h2><p class=\"sub-heading clearfix\" style=\"font-style:normal;font-weight:600;color:rgba(45,23,5,0.6);font-size:18px;line-height:27px;\">\r\n\t\tD\u00fcnya standartlar\u0131nda \u00fcretim \u00e7\u00f6z\u00fcmleri geli\u015ftirme, m\u00fchendislik, tasar\u0131m ve uygulama konular\u0131nda deneyimliyiz.<br \/>\nSizlere \u00f6zel ambalaj \u00e7\u00f6z\u00fcmleri sunmak ve \u00fcr\u00fcnlerinizin g\u00fcvenli\u011fini en \u00fcst d\u00fczeye \u00e7\u0131karmak i\u00e7in buraday\u0131z. \u0130htiya\u00e7lar\u0131n\u0131z\u0131 anlamak, en uygun \u00e7\u00f6z\u00fcmleri \u00fcretmek ve m\u00fckemmel sonu\u00e7lar elde etmek i\u00e7in sizinle i\u015fbirli\u011fi yapmay\u0131 d\u00f6rt g\u00f6zle bekliyoruz.\r\n\t<\/p><\/div>\r\n\t<div class=\"prelude-spacer clearfix\" data-desktop=\"50\" data-mobi=\"30\" data-smobi=\"30\"><\/div>[\/vc_column_inner][\/vc_row_inner]<div class=\"prelude-fancy-text scroll text-center\" data-min=\"15px\" data-max=\"50px\" style=\"height:50px;\">\r\n\t        <h2 class=\"heading\" style=\"font-size:50px;height:50px;line-height:50px;color:rgba(45,23,5,0.9);\">Olkar Ambalaj<\/h2><h2 class=\"heading\" style=\"font-size:50px;height:50px;line-height:50px;color:rgba(45,23,5,0.9);\">\u00c7\u00f6z\u00fcm Orta\u011f\u0131n\u0131z<\/h2>\r\n\t    <\/div>\r\n\t<div class=\"prelude-spacer clearfix\" data-desktop=\"60\" data-mobi=\"40\" data-smobi=\"40\"><\/div>[vc_gmaps link=&#8221;#E-8_JTNDaWZyYW1lJTIwc3JjJTNEJTIyaHR0cHMlM0ElMkYlMkZ3d3cuZ29vZ2xlLmNvbSUyRm1hcHMlMkZlbWJlZCUzRnBiJTNEJTIxMW0xOCUyMTFtMTIlMjExbTMlMjExZDI0MDg1LjMzNzk1NzA3NzIlMjEyZDI4LjYyMDAxODkyMzM1MTUyMyUyMTNkNDEuMDEwNjU1ODY2Mzc5NjE1JTIxMm0zJTIxMWYwJTIxMmYwJTIxM2YwJTIxM20yJTIxMWkxMDI0JTIxMmk3NjglMjE0ZjEzLjElMjEzbTMlMjExbTIlMjExczB4MTRiNTVmY2FmM2U1NjA4NSUyNTNBMHg2OWI5NTIyMmIxZDhlMWI2JTIxMnNPbGthciUyNTIwQW1iYWxhaiUyMTVlMCUyMTNtMiUyMTFzdHIlMjEyc3RyJTIxNHYxNzI1OTE1MTQ0MTY3JTIxNW0yJTIxMXN0ciUyMTJzdHIlMjIlMjB3aWR0aCUzRCUyMjYwMCUyMiUyMGhlaWdodCUzRCUyMjQ1MCUyMiUyMHN0eWxlJTNEJTIyYm9yZGVyJTNBMCUzQiUyMiUyMGFsbG93ZnVsbHNjcmVlbiUzRCUyMiUyMiUyMGxvYWRpbmclM0QlMjJsYXp5JTIyJTIwcmVmZXJyZXJwb2xpY3klM0QlMjJuby1yZWZlcnJlci13aGVuLWRvd25ncmFkZSUyMiUzRSUzQyUyRmlmcmFtZSUzRQ==&#8221; css=&#8221;&#8221;]\r\n\t<div class=\"prelude-spacer clearfix\" data-desktop=\"60\" data-mobi=\"40\" data-smobi=\"40\"><\/div>[\/vc_column][\/vc_row][vc_row css=&#8221;.vc_custom_1726270777379{background-image: url(https:\/\/olkar.com.tr\/wp-content\/uploads\/2024\/09\/Marka-paketi-Stok-gorsel-2-1.png?id=13616) !important;}&#8221;][vc_column][vc_row_inner][vc_column_inner width=&#8221;1\/2&#8243;]\r\n\t<div class=\"prelude-spacer clearfix\" data-desktop=\"72\" data-mobi=\"40\" data-smobi=\"40\"><\/div><div class=\"prelude-headings clearfix \" data-font=24 style=\"\"><h2 class=\"heading clearfix \" style=\"color:#2d1705;font-size:24px;\">\r\n\t\t\u015eirketimizin, i\u015finizi kolayla\u015ft\u0131rmas\u0131na nas\u0131l yard\u0131mc\u0131 olabilece\u011fini g\u00f6rmek i\u00e7in bizimle ileti\u015fime ge\u00e7in.\r\n\t<\/h2><\/div>\r\n\t<div class=\"prelude-spacer clearfix\" data-desktop=\"72\" data-mobi=\"40\" data-smobi=\"40\"><\/div><style id=\"wpforms-css-vars-13626\">\n\t\t\t\t#wpforms-13626 {\n\t\t\t\t\n\t\t\t}\n\t\t\t<\/style><div class=\"wpforms-container wpforms-container-full wpforms-render-modern\" id=\"wpforms-13626\"><form id=\"wpforms-form-13626\" class=\"wpforms-validate wpforms-form wpforms-ajax-form\" data-formid=\"13626\" method=\"post\" enctype=\"multipart\/form-data\" action=\"\/index.php\/wp-json\/wp\/v2\/pages\/1339\" data-token=\"3b877923856791c0ea4c73e1e8996397\" data-token-time=\"1775660098\"><div class=\"wpforms-head-container\"><div class=\"wpforms-title\">M\u00fc\u015fteri \u0130leti\u015fim Formu<\/div><\/div><noscript class=\"wpforms-error-noscript\">Bu formu bitirebilmek i\u00e7in taray\u0131c\u0131n\u0131zda JavaScript&#039;i etkinle\u015ftirin.<\/noscript><div id=\"wpforms-error-noscript\" style=\"display: none;\">Bu formu bitirebilmek i\u00e7in taray\u0131c\u0131n\u0131zda JavaScript&#039;i etkinle\u015ftirin.<\/div><div class=\"wpforms-field-container\"><div id=\"wpforms-13626-field_1-container\" class=\"wpforms-field wpforms-field-name\" data-field-id=\"1\"><label class=\"wpforms-field-label\" for=\"wpforms-13626-field_1\">Ad Soyad <span class=\"wpforms-required-label\" aria-hidden=\"true\">*<\/span><\/label><input type=\"text\" id=\"wpforms-13626-field_1\" class=\"wpforms-field-medium wpforms-field-required\" name=\"wpforms[fields][1]\" aria-errormessage=\"wpforms-13626-field_1-error\" required><\/div><div id=\"wpforms-13626-field_2-container\" class=\"wpforms-field wpforms-field-email\" data-field-id=\"2\"><label class=\"wpforms-field-label\" for=\"wpforms-13626-field_2\">Eposta Adresi <span class=\"wpforms-required-label\" aria-hidden=\"true\">*<\/span><\/label><input type=\"email\" id=\"wpforms-13626-field_2\" class=\"wpforms-field-medium wpforms-field-required\" name=\"wpforms[fields][2]\" spellcheck=\"false\" aria-errormessage=\"wpforms-13626-field_2-error\" required><\/div>\t\t<div id=\"wpforms-13626-field_4-container\"\n\t\t\tclass=\"wpforms-field wpforms-field-text\"\n\t\t\tdata-field-type=\"text\"\n\t\t\tdata-field-id=\"4\"\n\t\t\t>\n\t\t\t<label class=\"wpforms-field-label\" for=\"wpforms-13626-field_4\" >Numaras\u0131 Ad Soyad<\/label>\n\t\t\t<input type=\"text\" id=\"wpforms-13626-field_4\" class=\"wpforms-field-medium\" name=\"wpforms[fields][4]\" >\n\t\t<\/div>\n\t\t<div id=\"wpforms-13626-field_5-container\" class=\"wpforms-field wpforms-field-text\" data-field-id=\"5\"><label class=\"wpforms-field-label\" for=\"wpforms-13626-field_5\">Telefon Numaras\u0131<\/label><input type=\"text\" id=\"wpforms-13626-field_5\" class=\"wpforms-field-medium\" name=\"wpforms[fields][5]\" aria-errormessage=\"wpforms-13626-field_5-error\" ><\/div><div id=\"wpforms-13626-field_3-container\" class=\"wpforms-field wpforms-field-textarea\" data-field-id=\"3\"><label class=\"wpforms-field-label\" for=\"wpforms-13626-field_3\">Mesaj <span class=\"wpforms-required-label\" aria-hidden=\"true\">*<\/span><\/label><textarea id=\"wpforms-13626-field_3\" class=\"wpforms-field-medium wpforms-field-required\" name=\"wpforms[fields][3]\" aria-errormessage=\"wpforms-13626-field_3-error\" required><\/textarea><\/div><script>\n\t\t\t\t( function() {\n\t\t\t\t\tconst style = document.createElement( 'style' );\n\t\t\t\t\tstyle.appendChild( document.createTextNode( '#wpforms-13626-field_4-container { position: absolute !important; overflow: hidden !important; display: inline !important; height: 1px !important; width: 1px !important; z-index: -1000 !important; padding: 0 !important; } #wpforms-13626-field_4-container input { visibility: hidden; } #wpforms-conversational-form-page #wpforms-13626-field_4-container label { counter-increment: none; }' ) );\n\t\t\t\t\tdocument.head.appendChild( style );\n\t\t\t\t\tdocument.currentScript?.remove();\n\t\t\t\t} )();\n\t\t\t<\/script><\/div><!-- .wpforms-field-container --><div class=\"wpforms-submit-container\" ><input type=\"hidden\" name=\"wpforms[id]\" value=\"13626\"><input type=\"hidden\" name=\"page_title\" value=\"\"><input type=\"hidden\" name=\"page_url\" value=\"https:\/\/olkar.com.tr\/index.php\/wp-json\/wp\/v2\/pages\/1339\"><input type=\"hidden\" name=\"url_referer\" value=\"\"><button type=\"submit\" name=\"wpforms[submit]\" id=\"wpforms-submit-13626\" class=\"wpforms-submit\" data-alt-text=\"G\u00f6nderiliyor..\" data-submit-text=\"G\u00f6nder\" aria-live=\"assertive\" value=\"wpforms-submit\">G\u00f6nder<\/button><img loading=\"lazy\" decoding=\"async\" src=\"https:\/\/olkar.com.tr\/wp-content\/plugins\/wpforms-lite\/assets\/images\/submit-spin.svg\" class=\"wpforms-submit-spinner\" style=\"display: none;\" width=\"26\" height=\"26\" alt=\"Y\u00fckleniyor\"><\/div><\/form><\/div>  <!-- .wpforms-container -->\r\n\t<div class=\"prelude-spacer clearfix\" data-desktop=\"0\" data-mobi=\"40\" data-smobi=\"40\"><\/div>[\/vc_column_inner][vc_column_inner width=&#8221;1\/2&#8243;]\r\n\t<div class=\"prelude-spacer clearfix\" data-desktop=\"150\" data-mobi=\"100\" data-smobi=\"100\"><\/div>[vc_hoverbox image=&#8221;13416&#8243; primary_title=&#8221;&#8221; hover_title=&#8221;&#8221; hover_background_color=&#8221;custom&#8221; hover_custom_background=&#8221;#ddc59d&#8221;]<span style=\"vertical-align: inherit;\"><span style=\"vertical-align: inherit;\">Sizlere daha iyi hizmet verebilmek i\u00e7in 7\/24 \u00e7al\u0131\u015f\u0131yoruz.\u00a0<\/span><\/span>[\/vc_hoverbox]\r\n\t<div class=\"prelude-spacer clearfix\" data-desktop=\"60\" data-mobi=\"40\" data-smobi=\"40\"><\/div>[\/vc_column_inner][\/vc_row_inner][\/vc_column][\/vc_row]<\/p>\n<\/div>","protected":false},"excerpt":{"rendered":"<p>[vc_row full_width=&#8221;stretch_row&#8221; css=&#8221;.vc_custom_1577935508051{background-image: url(http:\/\/ninzio.com\/prelude\/wp-content\/uploads\/2020\/01\/section-bg1.jpg?id=12484) !important;background-position: center !important;background-repeat: no-repeat !important;background-size: cover !important;}&#8221; el_class=&#8221;overflow-inherit&#8221;][vc_column][vc_row_inner][vc_column_inner width=&#8221;1\/2&#8243;][\/vc_column_inner][vc_column_inner width=&#8221;1\/2&#8243;][\/vc_column_inner][\/vc_row_inner][\/vc_column][\/vc_row][vc_row][vc_column][vc_column_text css=&#8221;&#8221;] Kendi kaliteli, dayan\u0131kl\u0131, do\u011fa dostu ve kullan\u0131\u015fl\u0131 \u00fcr\u00fcnlerimizi\u00a0 tasarl\u0131yoruz. [\/vc_column_text][vc_row_inner][vc_column_inner][\/vc_column_inner][\/vc_row_inner][\/vc_column][\/vc_row][vc_row full_width=&#8221;stretch_row&#8221; css=&#8221;.vc_custom_1578613351491{background-color: #f7f9fa !important;}&#8221;][vc_column][vc_row_inner][vc_column_inner width=&#8221;1\/2&#8243;][\/vc_column_inner][vc_column_inner width=&#8221;1\/2&#8243;][\/vc_column_inner][\/vc_row_inner][vc_gmaps link=&#8221;#E-8_JTNDaWZyYW1lJTIwc3JjJTNEJTIyaHR0cHMlM0ElMkYlMkZ3d3cuZ29vZ2xlLmNvbSUyRm1hcHMlMkZlbWJlZCUzRnBiJTNEJTIxMW0xOCUyMTFtMTIlMjExbTMlMjExZDI0MDg1LjMzNzk1NzA3NzIlMjEyZDI4LjYyMDAxODkyMzM1MTUyMyUyMTNkNDEuMDEwNjU1ODY2Mzc5NjE1JTIxMm0zJTIxMWYwJTIxMmYwJTIxM2YwJTIxM20yJTIxMWkxMDI0JTIxMmk3NjglMjE0ZjEzLjElMjEzbTMlMjExbTIlMjExczB4MTRiNTVmY2FmM2U1NjA4NSUyNTNBMHg2OWI5NTIyMmIxZDhlMWI2JTIxMnNPbGthciUyNTIwQW1iYWxhaiUyMTVlMCUyMTNtMiUyMTFzdHIlMjEyc3RyJTIxNHYxNzI1OTE1MTQ0MTY3JTIxNW0yJTIxMXN0ciUyMTJzdHIlMjIlMjB3aWR0aCUzRCUyMjYwMCUyMiUyMGhlaWdodCUzRCUyMjQ1MCUyMiUyMHN0eWxlJTNEJTIyYm9yZGVyJTNBMCUzQiUyMiUyMGFsbG93ZnVsbHNjcmVlbiUzRCUyMiUyMiUyMGxvYWRpbmclM0QlMjJsYXp5JTIyJTIwcmVmZXJyZXJwb2xpY3klM0QlMjJuby1yZWZlcnJlci13aGVuLWRvd25ncmFkZSUyMiUzRSUzQyUyRmlmcmFtZSUzRQ==&#8221; css=&#8221;&#8221;][\/vc_column][\/vc_row][vc_row css=&#8221;.vc_custom_1726270777379{background-image: url(https:\/\/olkar.com.tr\/wp-content\/uploads\/2024\/09\/Marka-paketi-Stok-gorsel-2-1.png?id=13616) !important;}&#8221;][vc_column][vc_row_inner][vc_column_inner width=&#8221;1\/2&#8243;][\/vc_column_inner][vc_column_inner width=&#8221;1\/2&#8243;][vc_hoverbox image=&#8221;13416&#8243; primary_title=&#8221;&#8221; hover_title=&#8221;&#8221; hover_background_color=&#8221;custom&#8221; hover_custom_background=&#8221;#ddc59d&#8221;]Sizlere daha iyi hizmet verebilmek i\u00e7in 7\/24 \u00e7al\u0131\u015f\u0131yoruz.\u00a0[\/vc_hoverbox][\/vc_column_inner][\/vc_row_inner][\/vc_column][\/vc_row]<\/p>\n","protected":false},"author":1,"featured_media":0,"parent":0,"menu_order":0,"comment_status":"closed","ping_status":"closed","template":"","meta":{"footnotes":""},"class_list":["post-1339","page","type-page","status-publish","hentry"],"jetpack_sharing_enabled":true,"_links":{"self":[{"href":"https:\/\/olkar.com.tr\/index.php\/wp-json\/wp\/v2\/pages\/1339","targetHints":{"allow":["GET"]}}],"collection":[{"href":"https:\/\/olkar.com.tr\/index.php\/wp-json\/wp\/v2\/pages"}],"about":[{"href":"https:\/\/olkar.com.tr\/index.php\/wp-json\/wp\/v2\/types\/page"}],"author":[{"embeddable":true,"href":"https:\/\/olkar.com.tr\/index.php\/wp-json\/wp\/v2\/users\/1"}],"replies":[{"embeddable":true,"href":"https:\/\/olkar.com.tr\/index.php\/wp-json\/wp\/v2\/comments?post=1339"}],"version-history":[{"count":24,"href":"https:\/\/olkar.com.tr\/index.php\/wp-json\/wp\/v2\/pages\/1339\/revisions"}],"predecessor-version":[{"id":13940,"href":"https:\/\/olkar.com.tr\/index.php\/wp-json\/wp\/v2\/pages\/1339\/revisions\/13940"}],"wp:attachment":[{"href":"https:\/\/olkar.com.tr\/index.php\/wp-json\/wp\/v2\/media?parent=1339"}],"curies":[{"name":"wp","href":"https:\/\/api.w.org\/{rel}","templated":true}]}}